e 5 + (-27)/5 + (-14)/(-10). Let z be i(b). Suppose 5*h + z = 5*f, -10 = 3*h - 25. List the prime factors of f.
3, 5
Let d(p) = p**3 - 5*p**2 - 7*p - 6. Let l be d(6). List the prime factors of ((-3493)/(-42))/((-2)/l).
499
Let u be (0 - (-27 + 7))*-35. Let j = u + 1334. What are the prime factors of j?
2, 317
Let v = -394 + 245. Let y = v + 98. Let r = 28 - y. What are the prime factors of r?
79
Let a be 5/(-25) + 372/(-15). Let d = a - -19. List the prime factors of (-906)/4*d/45*5.
151
Let q(r) be the third derivative of -r**6/120 + 17*r**5/60 - r**4/12 + 5*r**3/6 + 181*r**2. What are the prime factors of q(12)?
701
Suppose -4*l - 3*z = -3 - 24, -2*l - z = -11. Suppose -2*b = -5*d - 519, -l*b - 3*d - 150 + 939 = 0. What are the prime factors of b?
2, 131
Suppose -4*i = -t - 25, -3*t + 15 = 3*i - 0. Let l be (-1 + 4)*20/i. Suppose l*g - 87 = 13. What are the prime factors of g?
2, 5
List the prime factors of ((-2)/(-3))/(6/9 + 81008/(-121536)).
2, 3, 211
Let f(v) = -206*v**3 - 2*v**2 + 2*v + 2. Let k be f(-1). Let g = 543 - k. What are the prime factors of g?
3, 113
Suppose 0 = -2*y + y + 301. Suppose -5*o = -154 - y. Suppose o*m - 1375 = 86*m. What are the prime factors of m?
5, 11
Suppose -1335*z = -1312*z - 458666. What are the prime factors of z?
2, 13, 59
Let b(q) = -47*q - 51. Let w(h) = 46*h + 52. Let z(o) = -3*b(o) - 4*w(o). List the prime factors of z(-12).
461
Let r(i) = -422*i + 325. What are the prime factors of r(-36)?
59, 263
Let f(d) = 2*d**3 + 25*d**2 - 11*d - 5. Let j be -1*(15 - 4/((-12)/(-9))). What are the prime factors of f(j)?
271
Let i(z) = -2 + 78*z + 16*z**2 - z**3 - 9 - 57*z. What are the prime factors of i(17)?
3, 19
Let j(t) = -t**2 + 11*t - 18. Let n be j(9). Suppose -27*y + 505 + 494 = n. What are the prime factors of y?
37
Let z(q) = -10*q**3 + 13*q**2 - q - 24. Let n be z(-9). Suppose n = -3*s + 15*s. What are the prime factors of s?
2, 347
Let k(j) = 372*j**2 + 42*j + 253. What are the prime factors of k(-7)?
13, 1399
Suppose -5*u = 13*u - 71607 - 92247. What are the prime factors of u?
9103
Let f(b) = 46*b + 29. Let r = 213 - 205. What are the prime factors of f(r)?
397
Let b be (-3 + -3)/((-21)/17416). Suppose -i = -3*d + b, -4*d = d + 4*i - 8299. What are the prime factors of d?
3, 7, 79
Let t = -175 - -281. Suppose 30 = 3*d + 2*n - t, 5*d - 216 = 2*n. List the prime factors of d.
2, 11
Let j(k) = -50*k**2 - 2*k - 7. Let x(a) = -50*a**2 - 3*a - 6. Let n = -28 + 25. Let v(h) = n*x(h) + 2*j(h). List the prime factors of v(-2).
2, 97
Let r(t) = t**3 + t + 29248. What are the prime factors of r(0)?
2, 457
What are the prime factors of ((-14)/(-84) - 26/(-24))/(5/24720)?
2, 3, 5, 103
Let x = -472 + 504. List the prime factors of (4980/x)/(-15)*-8.
83
Let j(s) = -6*s - 123. Let w(i) = -i + 1. Let a(k) = -j(k) - 4*w(k). List the prime factors of a(23).
349
Suppose -15*x = -10*x + j - 2502, 0 = -2*x - 4*j + 1008. List the prime factors of x.
2, 5
Let x = 8525 + -4753. List the prime factors of x.
2, 23, 41
Suppose 3*n = -g + 1, -23 = -n + 5*g + 4. Let j(k) = -2*k**3 + k**2 - 3*k + 2. Let i be j(n). List the prime factors of (-211)/(-4) - (-12)/i.
2, 13
Let l = -4043 + 7679. List the prime factors of l.
2, 3, 101
Let w = -7 + 12. Suppose -w*j + 1239 = 89. What are the prime factors of j?
2, 5, 23
Let t(g) = 36*g**2 + 103*g + 26. What are the prime factors of t(-7)?
1069
Let q = -5779 - -8097. List the prime factors of q.
2, 19, 61
Let k(z) = -5 + z**2 - 4 + 4. Let v be k(3). What are the prime factors of 0/((-16)/4) + 6*v?
2, 3
Suppose -20 = -t - 15. Suppose 4 = t*d + 4. Suppose d = 10*z - 13*z + 48. List the prime factors of z.
2
Suppose x + 433543 = x + 11*x. What are the prime factors of x?
11, 3583
Let n = 809 - -11984. List the prime factors of n.
11, 1163
Let d(h) = 2*h**2 + 5*h - 5. Let n be d(-3). Let q be n/(-19) + (-1728)/171. Let z(u) = -u**3 - 10*u**2 - u + 12. List the prime factors of z(q).
2, 11
Let t(q) = q**3 - 5*q**2 + 7*q - 3. Suppose -9*r - 8 = -11*r. Let z be t(r). Suppose -3*o = z*o - 432. What are the prime factors of o?
2, 3
What are the prime factors of 3/(((-20)/(-80))/((-2762)/(-12)))?
2, 1381
Let c = 34990 - -5466. What are the prime factors of c?
2, 13, 389
Let j(c) be the first derivative of c**4/2 - 11*c**3/3 + 5*c**2/2 + 2*c + 5. Let p be j(7). Suppose m = -m - 4, -2*i + p = -5*m. List the prime factors of i.
3, 29
Let k = -12200 - -13801. List the prime factors of k.
1601
Suppose -611343 = 30*k - 1838253. List the prime factors of k.
40897
Let i(y) = -3 - 6840*y**2 + 7*y + 3 - 1 + 6874*y**2. List the prime factors of i(5).
2, 13, 17
Suppose 5*b - 24283 - 129928 = -4*h, -h - 30853 = -b. What are the prime factors of b?
109, 283
Let g(j) = -8*j - 25. Let u(x) be the second derivative of x**4/12 + 5*x**3/6 - 13*x**2/2 - 11*x. Let y be u(-6). What are the prime factors of g(y)?
31
Let z(r) = -192*r**3 - 37*r - 59. What are the prime factors of z(-4)?
12377
Suppose 2*d - 6*d - 3*z + 30289 = 0, 0 = 3*d - 3*z - 22701. Suppose 1810 = 28*p - d. What are the prime factors of p?
5, 67
Let d be (-1)/(-3) + (-12)/9 - 643. Suppose t = 0, 2*u + 0*t + 4 = 4*t. What are the prime factors of u/3 + d/(-21)?
2, 3, 5
Suppose 931 = 8*u - 5. Suppose u*a - 113*a - 404 = 0. What are the prime factors of a?
101
Suppose 220*g + 38*g - 3111108 = 5784990. What are the prime factors of g?
29, 41
Suppose 472 = -8*b + 7*b. List the prime factors of (b/20)/((-15)/375).
2, 5, 59
List the prime factors of (72/6*(495 + 1))/((-30)/(-40)).
2, 31
Suppose -17 = -5*o - 7. Suppose l + 4*g = 2*g + 145, -o*l + 299 = -5*g. Let n = l - 96. What are the prime factors of n?
3, 17
Let o = -91 + -144. Let g = -61 - o. List the prime factors of g.
2, 3, 29
What are the prime factors of -8*27/(-36) - (0 + -4093)?
4099
Suppose 0 = 5*w + 4*t - 226, -2*w = -3*w - 4*t + 58. List the prime factors of 1*(-959)/(w/(-6)).
137
Let s = 481 + -281. Suppose 18*f = 22*f - s. What are the prime factors of f?
2, 5
Let o = -10535 - -19807. List the prime factors of o.
2, 19, 61
Let s(y) = 6*y**2. Suppose 2*v + 2 = -w, -v + 5*w = -0*w + 1. Let g be s(v). Suppose -94 = -8*p + g*p. What are the prime factors of p?
47
Let m(x) = -327*x**2 - 12*x - 21. Let g(p) = -109*p**2 - 4*p - 6. Let y(n) = -7*g(n) + 2*m(n). List the prime factors of y(2).
2, 3, 37
Let n = 63942 + -34567. List the prime factors of n.
5, 47
Suppose 5*o + 584*x = 589*x + 305955, -183601 = -3*o - x. What are the prime factors of o?
2, 37, 827
Suppose 0 = 7*l + 95 + 360. What are the prime factors of (14 - 3)/((-5)/l)?
11, 13
Let j(x) = -x**2 + 17*x + 101. Let h be j(22). What are the prime factors of ((-6)/h)/(1 + 1623/(-1629))?
181
Suppose -5*c = -5*n + 43 + 72, -c - 38 = -4*n. What are the prime factors of -39*-1*(-282)/c?
13, 47
Let n(r) = 5*r**3 - 16*r**2 + 8*r - 165. What are the prime factors of n(17)?
2, 19, 131
Suppose -3*f - 103326 = -6*f + 2*o, -o = 5*o. What are the prime factors of f?
2, 17, 1013
Let d be ((-12)/36)/((-2)/60). Suppose -11*w + d*w = -3. What are the prime factors of 1 - -47 - (w + -6)?
3, 17
Let a = -32 - -32. Suppose a = -11*y + 5*y + 1446. What are the prime factors of y?
241
Suppose -4*f - 11 = 2*m - 25, -22 = -2*f + 2*m. List the prime factors of ((-3)/(-2)*f)/((-354)/(-22892)).
2, 3, 97
Suppose 11*m + 15*m + 390 = 0. List the prime factors of ((84/m)/(-7))/(4/4520).
2, 113
Suppose z - 4 = 0, -2*j - 2*z = 2*j - 16. Let s = -72 + 82. Suppose -j*i - i + s = 5*d, -i = 5. What are the prime factors of d?
5
Let b = 607 + 219. Let y = b + -604. List the prime factors of y.
2, 3, 37
Suppose 11*x = 6*x - 335. Let d = 116 + x. List the prime factors of d.
7
List the prime factors of (-3 + 0)*72/(-16)*278.
3, 139
Let c = 119 + -157. Let z = 125 + c. What are the prime factors of z?
3, 29
Suppose -2 = -3*m + 22. Suppose -102 = 7*w - 200. Suppose -m*a - 918 = -w*a. What are the prime factors of a?
3, 17
Let f(d) = d**3 - 20*d**2 - 25*d - 65. Let o be f(20). Let c = o - -635. What are the prime factors of c?
2, 5, 7
Let b = 10573 + 9967. List the prime factors of b.
2, 5, 13, 79
Let a = -48 + 43. Let f(p) = 3*p**2 + 5*p + 9. Let q(y) = y**2 + 3*y + 5. Let r(t) = a*q(t) + 3*f(t). What are the prime factors of r(-5)?
2, 3, 17
Let o = 5268 - -16428. List the prime f